s 2639 + 34?
2673
In base 9, what is 2 - -11152?
11154
In base 9, what is -4 - -2028228?
2028224
In base 10, what is 6626 - 62?
6564
In base 7, what is 154 + 1310?
1464
In base 2, what is -10011011 + 10110?
-10000101
In base 5, what is 131130 + 211?
131341
In base 7, what is 313214 - 4?
313210
In base 4, what is 230 - -13110331?
13111221
In base 13, what is 2 - -189a?
189c
In base 5, what is 24 - -3100?
3124
In base 11, what is 3 + 6994?
6997
In base 7, what is -21231 + -13?
-21244
In base 2, what is -100011000001010 + 11011?
-100010111101111
In base 14, what is 95 - 2237?
-2182
In base 4, what is 3130 - 2123023?
-2113233
In base 2, what is 1001010000111 - 11010?
1001001101101
In base 16, what is 7c2 - -31?
7f3
In base 16, what is 6 - -175f?
1765
In base 9, what is 73437 + 6?
73444
In base 11, what is 111 + 125?
236
In base 2, what is -110110001101101001 - 101?
-110110001101101110
In base 14, what is 7d34d - 4?
7d349
In base 11, what is -4188a - a?
-41899
In base 6, what is 4203255 + 1?
4203300
In base 8, what is 745734 + 26?
745762
In base 14, what is a37 + -9?
a2c
In base 16, what is -1f + -ac?
-cb
In base 3, what is -102102221022 + 12?
-102102221010
In base 15, what is 9132 + -2?
9130
In base 15, what is 353 + 66?
3b9
In base 10, what is 11192 + -5?
11187
In base 11, what is -77a87 - -4?
-77a83
In base 5, what is -22024 - -14?
-22010
In base 6, what is 3223 + 3213?
10440
In base 8, what is -35417672 + 2?
-35417670
In base 15, what is 55d + -2e8?
265
In base 3, what is 22 + 111220012?
111220111
In base 11, what is 41 + 19748?
19789
In base 16, what is e - 5aba?
-5aac
In base 6, what is 0 - -114023?
114023
In base 13, what is -53529 - 5?
-53531
In base 7, what is 40504 - -364?
41201
In base 12, what is -4 + 5b276b?
5b2767
In base 11, what is 2649 + 2?
2650
In base 3, what is 1220222 + -10111?
1210111
In base 9, what is -12 + -26173?
-26185
In base 14, what is -130b8 + -6?
-130c0
In base 9, what is -767 + -46?
-824
In base 10, what is -3735 + -904?
-4639
In base 15, what is 1 - c260?
-c25e
In base 2, what is -111010 + 110100010?
101101000
In base 4, what is 1 + 2010220011?
2010220012
In base 16, what is -6 - -17720?
1771a
In base 16, what is -6 - -36d1?
36cb
In base 9, what is -2814 - -3?
-2811
In base 5, what is 234332240 + -3?
234332232
In base 10, what is -932 + -51?
-983
In base 6, what is 143 + 11241?
11424
In base 3, what is 10 + 110101112?
110101122
In base 8, what is -1070 - -6424?
5334
In base 8, what is 4 - 372364?
-372360
In base 14, what is 65 - 33d?
-2b8
In base 13, what is 1 - -1005?
1006
In base 16, what is -2d5 - -1?
-2d4
In base 15, what is -e + 14c0?
14b1
In base 10, what is -2 - -406316?
406314
In base 5, what is -312 + -112314?
-113131
In base 14, what is 1b1 - 86?
129
In base 9, what is 1015 + -34?
871
In base 15, what is -802 - -a5?
-74c
In base 15, what is 43 - abc5?
-ab82
In base 15, what is -5 - d74b7?
-d74bc
In base 12, what is 371 - -7a?
42b
In base 5, what is -11102 - -14124?
3022
In base 16, what is -186 + -3a?
-1c0
In base 14, what is 542 - -62?
5a4
In base 11, what is 108 + 224?
331
In base 11, what is -4 + -17158?
-17161
In base 5, what is 20 + -32204102?
-32204032
In base 2, what is 1000100110110011 + 1011?
1000100110111110
In base 16, what is 4 - -710b8?
710bc
In base 5, what is -203240 + 3403?
-144332
In base 2, what is -10 + -11100110010001101?
-11100110010001111
In base 6, what is 124035 - 21?
124014
In base 14, what is -1426 + 2c?
-13d8
In base 3, what is 11 - 1101022011011?
-1101022011000
In base 14, what is 9c4a - -1?
9c4b
In base 15, what is -1cde8 + -5?
-1cded
In base 7, what is 201534 - 1?
201533
In base 14, what is -c294 + 1?
-c293
In base 12, what is -31b2 + -89?
-327b
In base 15, what is 4 - -3bb3c?
3bb41
In base 13, what is 100 + 4?
104
In base 6, what is -54432454 + -5?
-54432503
In base 11, what is -2 - -616a37?
616a35
In base 12, what is 2133 + -15?
211a
In base 15, what is 113b + -53?
10d8
In base 11, what is -6 + 3a98?
3a92
In base 6, what is 453355 - 322?
453033
In base 4, what is -1033020 - -3?
-1033011
In base 8, what is -11666 - -13?
-11653
In base 4, what is 13010200201 - -2?
13010200203
In base 15, what is -922 + -3b7?
-cd9
In base 4, what is 21130233 + -313?
21123320
In base 15, what is 0 - a522?
-a522
In base 15, what is -26 - -2132?
210b
In base 15, what is -4 - -21894?
21890
In base 16, what is -4 + -26be?
-26c2
In base 2, what is -1010011001110101001 + 11?
-1010011001110100110
In base 3, what is 200120 - -1202221?
2110111
In base 3, what is 1022220122200 - 1?
1022220122122
In base 8, what is -24 + -40205?
-40231
In base 8, what is 2254163 - 5?
2254156
In base 12, what is 18655 - 2?
18653
In base 11, what is 1387 + -235?
1152
In base 12, what is 50758 + -3?
50755
In base 5, what is -33414200 + -1?
-33414201
In base 4, what is -112 - 330013?
-330131
In base 9, what is 611 - 64?
536
In base 12, what is -4 + -217820?
-217824
In base 6, what is -1415 - 111130?
-112545
In base 5, what is 243040 - -122?
243212
In base 5, what is -1010 - 4301?
-10311
In base 2, what is -101 + -1011011000001100011?
-1011011000001101000
In base 12, what is 3 - 21a397?
-21a394
In base 16, what is d - 1143?
-1136
In base 7, what is 5 - -2344204?
2344212
In base 3, what is -10 - -201121022?
201121012
In base 16, what is 84583 - 5?
8457e
In base 4, what is -21 - 231030?
-231111
In base 5, what is 142 + -142331?
-142134
In base 12, what is 19 - -401?
41a
In base 2, what is -1100 + 1101111101110000?
1101111101100100
In base 10, what is 147 + 272?
419
In base 5, what is 341224300 - 2?
341224243
In base 6, what is 231 - 344?
-113
In base 4, what is -2012133 + -12?
-2012211
In base 5, what is -3 + 204001?
203443
In base 9, what is 806 - -23?
830
In base 13, what is 644 + -109?
538
In base 16, what is 105 - 24f?
-14a
In base 8, what is -20530 + 360?
-20150
In base 16, what is -1ce2b - -c?
-1ce1f
In base 4, what is 2212012 + 123?
2212201
In base 9, what is 4687 - -3?
4701
In base 14, what is -141 + -49?
-18a
In base 2, what is 1000101 + -10000100000?
-1111011011
In base 2, what is 11110010 + -10011000010001?
-10010100011111
In base 9, what is 0 - 36483?
-36483
In base 10, what is -39 - -14?
-25
In base 5, what is -4244413 + 323?
-4244040
In base 15, what is -271b - 6?
-2722
In base 10, what is 0 + -155329?
-155329
In base 10, what is -21061 + 14?
-21047
In base 8, what is 4 - 6035?
-6031
In base 6, what is 20 + -5543315?
-5543255
In base 9, what is -8178 - -447?
-7631
In base 2, what is -11111 + 1011110010000000?
1011110001100001
In base 12, what is 11 - ba5?
-b94
In base 11, what is 13444 - 208?
13237
In base 15, what is 24 - 1e17?
-1de3
In base 16, what is -1 - 4d23?
-4d24
In base 9, what is 4 + 2134?
2138
In base 5, what is 4 - 23414042?
-23414033
In base 2, what is -101 - 100000101110000100?
-100000101110001001
In base 3, what is 2 - -1012111201011?
1012111201020
In base 11, what is 331779 - 3?
331776
In base 15, what is -19 + 1481?
1467
In base 15, what is 35 - -12b9?
12ee
In base 16, what is 7f - 23d5?
-2356
In base 16, what is -795e6 - 2?
-795e8
In base 8, what is 173 + 145015?
145210
In base 14, what is 21 - ba1c?
-b9db
In base 13, what is c7a0 - -6?
c7a6
In base 3, what is 1 + 102010100?
102010101
In base 6, what is 1250554 + -3?
1250551
In base 7, what is 1241 + -24?
1214
In base 12, what is -27076 - -2?
-27074
In base 3, what is 211102022 - -20?
211102112
In base 14, what is -36b2 - 16?
-36c8
In base 2, what is -100110101 - -1100001?
-11010100
In base 13, what is 13842 + 0?
13842
In base 9, what is 423213 - 4?
423208
In base 12, what is -3354 + -b?
-3363
In base 4, what is 3221 + 101301?
111122
In base 14, what is -d3c + -3a?
-d78
In base 13, what is -628 - -6?
-622
In base 2, what is 1011111000111110 - 100?
1011111000111010
In base 16, what is 4 - -31586?
3158a
In base 8, what is -1212 + 1644?
432
In base 12, what is 14b5 + 131?
1626
In base 6, what is 12311 - 244?
12023
In base 8, what is 32 - -212?
244
In base 11, what is -a935 + -2?
-a937
In base 4, what is 3222303 - 1?
3222302
In base 5, what is 0 - -304240?
304240
In base 13, what is 4c - 11b6?
-1167
In base 11, what is 7 - 2487?
-2480
In base 6, what is -4 - -151100?
151052
In base 7, what is 64031 - -33?
64064
In base 13, what is -53 + 1a27c?
1a